{"id":831,"date":"2019-05-10T13:58:26","date_gmt":"2019-05-10T13:58:26","guid":{"rendered":"https:\/\/provasiti.it\/?page_id=831"},"modified":"2019-06-14T15:00:28","modified_gmt":"2019-06-14T15:00:28","slug":"home","status":"publish","type":"page","link":"https:\/\/agostinobergo.art\/index.php\/home\/","title":{"rendered":"Home"},"content":{"rendered":"<p>[et_pb_section fb_built=&#8221;1&#8243; fullwidth=&#8221;on&#8221; _builder_version=&#8221;3.23.3&#8243; width=&#8221;100%&#8221; width_last_edited=&#8221;on|desktop&#8221; module_alignment=&#8221;center&#8221; custom_margin_phone=&#8221;66px||&#8221; custom_margin_last_edited=&#8221;on|desktop&#8221; custom_padding=&#8221;||0px|||&#8221;][et_pb_fullwidth_image src=&#8221;https:\/\/agostinobergo.art\/wp-content\/uploads\/2019\/05\/LE-PARCHEcop.jpg&#8221; _builder_version=&#8221;3.23.3&#8243; custom_margin=&#8221;-58px|||&#8221; custom_margin_phone=&#8221;0px|||&#8221; custom_margin_last_edited=&#8221;on|desktop&#8221;][\/et_pb_fullwidth_image][\/et_pb_section][et_pb_section fb_built=&#8221;1&#8243; _builder_version=&#8221;3.22.7&#8243; custom_margin=&#8221;-33px||-48px|||&#8221; custom_padding=&#8221;19px||12px|||&#8221;][et_pb_row custom_padding=&#8221;24px|||||&#8221; custom_margin=&#8221;-22px|auto||auto||&#8221; _builder_version=&#8221;3.22.7&#8243;][et_pb_column type=&#8221;4_4&#8243; _builder_version=&#8221;3.22.7&#8243;][et_pb_text _builder_version=&#8221;3.23.3&#8243; text_font=&#8221;Verdana||||||||&#8221; custom_margin=&#8221;16px|||||&#8221;]<\/p>\n<h1 style=\"text-align: center;\">AGOSTINO BERGO<\/h1>\n<p>[\/et_pb_text][et_pb_text _builder_version=&#8221;3.23.3&#8243; text_font=&#8221;||||||||&#8221; text_font_size_phone=&#8221;12px&#8221; text_font_size_last_edited=&#8221;on|desktop&#8221;]<\/p>\n<p>\u201cUna delle cose pi\u00f9 inspiegabili e, al contempo, pi\u00f9 sensazionali a cui mi sia mai capitato di assistere \u00e8 stata la risposta di un disabile mentale, apparentemente di mezza et\u00e0, ad una domanda banale. Gli chiesi: \u201cQuanti anni hai?\u201d Mi rispose: \u201cNon lo so\u201d. Quest\u2019uomo non ha semplicemente compreso, ma vive quella che per me dovrebbe essere l\u2019Arte Contemporanea.\u201d<\/p>\n<p style=\"text-align: right;\">(Agostino Bergo)<\/p>\n<p>[\/et_pb_text][\/et_pb_column][\/et_pb_row][et_pb_row _builder_version=&#8221;3.23.3&#8243; max_width=&#8221;1652px&#8221; module_alignment=&#8221;center&#8221;][et_pb_column type=&#8221;1_4&#8243; _builder_version=&#8221;3.23.3&#8243;][et_pb_image src=&#8221;https:\/\/agostinobergo.art\/wp-content\/uploads\/2019\/05\/fb.png&#8221; url=&#8221;https:\/\/www.facebook.com\/elilim.artist\/&#8221; _builder_version=&#8221;3.23.3&#8243; width=&#8221;19%&#8221; module_alignment=&#8221;center&#8221;][\/et_pb_image][\/et_pb_column][et_pb_column type=&#8221;1_4&#8243; _builder_version=&#8221;3.23.3&#8243;][et_pb_image src=&#8221;https:\/\/agostinobergo.art\/wp-content\/uploads\/2019\/05\/ig.png&#8221; url=&#8221;https:\/\/www.instagram.com\/agostino.bergo\/&#8221; _builder_version=&#8221;3.23.3&#8243; width=&#8221;19%&#8221;][\/et_pb_image][\/et_pb_column][et_pb_column type=&#8221;1_4&#8243; _builder_version=&#8221;3.23.3&#8243;][et_pb_image src=&#8221;https:\/\/agostinobergo.art\/wp-content\/uploads\/2019\/05\/saatchiart.png&#8221; url=&#8221;https:\/\/www.saatchiart.com\/all?query=AGOSTINO+BERGO&#8221; _builder_version=&#8221;3.23.3&#8243; width=&#8221;19%&#8221;][\/et_pb_image][\/et_pb_column][et_pb_column type=&#8221;1_4&#8243; _builder_version=&#8221;3.23.3&#8243;][et_pb_image src=&#8221;https:\/\/agostinobergo.art\/wp-content\/uploads\/2019\/05\/behance.png&#8221; url=&#8221;https:\/\/www.behance.net\/agostinobedbb4&#8243; _builder_version=&#8221;3.23.3&#8243; width=&#8221;19%&#8221;][\/et_pb_image][\/et_pb_column][\/et_pb_row][et_pb_row custom_margin=&#8221;21px|auto||auto||&#8221; _builder_version=&#8221;3.23.3&#8243;][et_pb_column type=&#8221;4_4&#8243; _builder_version=&#8221;3.23.3&#8243;][et_pb_text _builder_version=&#8221;3.23.3&#8243; text_font=&#8221;Verdana||||||||&#8221;]<\/p>\n<h1 style=\"text-align: center;\">SITI AMICI<\/h1>\n<p>[\/et_pb_text][\/et_pb_column][\/et_pb_row][et_pb_row _builder_version=&#8221;3.23.3&#8243; max_width=&#8221;1652px&#8221; module_alignment=&#8221;center&#8221;][et_pb_column type=&#8221;1_4&#8243; _builder_version=&#8221;3.22.7&#8243;][et_pb_testimonial author=&#8221;Monica Maria Seksich arte&#8221; url=&#8221;https:\/\/monicaseksich.com\/&#8221; portrait_url=&#8221;https:\/\/agostinobergo.art\/wp-content\/uploads\/2019\/06\/Mia-firma-quadri.jpg&#8221; quote_icon=&#8221;off&#8221; use_icon_font_size=&#8221;on&#8221; icon_font_size=&#8221;21px&#8221; _builder_version=&#8221;3.24&#8243; body_font=&#8221;||||||||&#8221; background_color=&#8221;rgba(245,245,245,0)&#8221; border_radii_portrait=&#8221;on|0px|0px|0px|0px&#8221; text_orientation=&#8221;center&#8221;][\/et_pb_testimonial][\/et_pb_column][et_pb_column type=&#8221;1_4&#8243; _builder_version=&#8221;3.22.7&#8243;][et_pb_testimonial author=&#8221;Societ\u00e0 Dante Alighieri&#8221; url=&#8221;https:\/\/ladante.it&#8221; portrait_url=&#8221;https:\/\/agostinobergo.art\/wp-content\/uploads\/2019\/06\/Societ\u00e0_Dante_Alighieri_logo.svg_.png&#8221; quote_icon=&#8221;off&#8221; use_icon_font_size=&#8221;on&#8221; icon_font_size=&#8221;21px&#8221; _builder_version=&#8221;3.24&#8243; body_font=&#8221;||||||||&#8221; background_color=&#8221;rgba(245,245,245,0)&#8221; border_radii_portrait=&#8221;on|0px|0px|0px|0px&#8221; text_orientation=&#8221;center&#8221; width_last_edited=&#8221;on|desktop&#8221; max_width_last_edited=&#8221;on|phone&#8221;][\/et_pb_testimonial][\/et_pb_column][et_pb_column type=&#8221;1_4&#8243; _builder_version=&#8221;3.22.7&#8243;][et_pb_testimonial author=&#8221;Premio Basilio Cascella&#8221; url=&#8221;http:\/\/www.premiocascella.it\/&#8221; portrait_url=&#8221;https:\/\/agostinobergo.art\/wp-content\/uploads\/2019\/06\/Logo_Premio_Basilio_Cascella.jpg&#8221; quote_icon=&#8221;off&#8221; use_icon_font_size=&#8221;on&#8221; icon_font_size=&#8221;21px&#8221; _builder_version=&#8221;3.24&#8243; body_font=&#8221;||||||||&#8221; background_color=&#8221;rgba(245,245,245,0)&#8221; border_radii_portrait=&#8221;on|0px|0px|0px|0px&#8221; text_orientation=&#8221;center&#8221;][\/et_pb_testimonial][\/et_pb_column][et_pb_column type=&#8221;1_4&#8243; _builder_version=&#8221;3.22.7&#8243;][et_pb_testimonial author=&#8221;DOM KULTURE KNJAZEVAC&#8221; url=&#8221;http:\/\/www.dkknjazevac.net\/&#8221; portrait_url=&#8221;https:\/\/agostinobergo.art\/wp-content\/uploads\/2019\/06\/logo-dome-kulture-knjazevac.jpg&#8221; quote_icon=&#8221;off&#8221; use_icon_font_size=&#8221;on&#8221; icon_font_size=&#8221;21px&#8221; _builder_version=&#8221;3.24&#8243; body_font=&#8221;||||||||&#8221; background_color=&#8221;rgba(245,245,245,0)&#8221; border_radii_portrait=&#8221;on|0px|0px|0px|0px&#8221; text_orientation=&#8221;center&#8221;][\/et_pb_testimonial][\/et_pb_column][\/et_pb_row][et_pb_row _builder_version=&#8221;3.24&#8243;][et_pb_column type=&#8221;4_4&#8243; _builder_version=&#8221;3.24&#8243;][et_pb_text _builder_version=&#8221;3.24&#8243; hover_enabled=&#8221;0&#8243; text_font=&#8221;||||||||&#8221; text_line_height_last_edited=&#8221;on|phone&#8221; text_line_height_phone=&#8221;1.7em&#8221; header_font=&#8221;||||||||&#8221; header_line_height_last_edited=&#8221;on|phone&#8221; header_line_height_phone=&#8221;1em&#8221;]<\/p>\n<h4 style=\"text-align: center;\">\u00a0\u00a9 2010 Agostino Bergo<\/h4>\n<h4 style=\"text-align: center;\"><span>All rights reserved<\/span><\/h4>\n<h4 style=\"text-align: center;\"><strong><a href=\"mailto:info@agostinobergo.art\">info@agostinobergo.art<\/a>\u00a0<\/strong><\/h4>\n<p>[\/et_pb_text][\/et_pb_column][\/et_pb_row][\/et_pb_section]<\/p>\n","protected":false},"excerpt":{"rendered":"<p>AGOSTINO BERGO\u201cUna delle cose pi\u00f9 inspiegabili e, al contempo, pi\u00f9 sensazionali a cui mi sia mai capitato di assistere \u00e8 stata la risposta di un disabile mentale, apparentemente di mezza et\u00e0, ad una domanda banale. Gli chiesi: \u201cQuanti anni hai?\u201d Mi rispose: \u201cNon lo so\u201d. Quest\u2019uomo non ha semplicemente compreso, ma vive quella che per [&hellip;]<\/p>\n","protected":false},"author":2,"featured_media":0,"parent":0,"menu_order":0,"comment_status":"closed","ping_status":"closed","template":"","meta":{"_et_pb_use_builder":"on","_et_pb_old_content":"","_et_gb_content_width":"","footnotes":""},"class_list":["post-831","page","type-page","status-publish","hentry"],"_links":{"self":[{"href":"https:\/\/agostinobergo.art\/index.php\/wp-json\/wp\/v2\/pages\/831"}],"collection":[{"href":"https:\/\/agostinobergo.art\/index.php\/wp-json\/wp\/v2\/pages"}],"about":[{"href":"https:\/\/agostinobergo.art\/index.php\/wp-json\/wp\/v2\/types\/page"}],"author":[{"embeddable":true,"href":"https:\/\/agostinobergo.art\/index.php\/wp-json\/wp\/v2\/users\/2"}],"replies":[{"embeddable":true,"href":"https:\/\/agostinobergo.art\/index.php\/wp-json\/wp\/v2\/comments?post=831"}],"version-history":[{"count":8,"href":"https:\/\/agostinobergo.art\/index.php\/wp-json\/wp\/v2\/pages\/831\/revisions"}],"predecessor-version":[{"id":2451,"href":"https:\/\/agostinobergo.art\/index.php\/wp-json\/wp\/v2\/pages\/831\/revisions\/2451"}],"wp:attachment":[{"href":"https:\/\/agostinobergo.art\/index.php\/wp-json\/wp\/v2\/media?parent=831"}],"curies":[{"name":"wp","href":"https:\/\/api.w.org\/{rel}","templated":true}]}}