{"id":2100,"date":"2019-06-06T09:48:07","date_gmt":"2019-06-06T09:48:07","guid":{"rendered":"https:\/\/provasiti.it\/?page_id=2100"},"modified":"2022-11-10T11:33:30","modified_gmt":"2022-11-10T11:33:30","slug":"ciclo-bosnia","status":"publish","type":"page","link":"https:\/\/agostinobergo.art\/index.php\/ciclo-bosnia\/","title":{"rendered":"Ciclo Bosnia"},"content":{"rendered":"<p>[et_pb_section fb_built=&#8221;1&#8243; _builder_version=&#8221;4.16&#8243; custom_padding=&#8221;||0px|||&#8221; global_colors_info=&#8221;{}&#8221;][et_pb_row _builder_version=&#8221;4.16&#8243; custom_margin=&#8221;-29px|auto||auto||&#8221; custom_padding=&#8221;0px|||||&#8221; global_colors_info=&#8221;{}&#8221;][et_pb_column type=&#8221;4_4&#8243; _builder_version=&#8221;4.16&#8243; custom_padding=&#8221;|||&#8221; global_colors_info=&#8221;{}&#8221; custom_padding__hover=&#8221;|||&#8221;][et_pb_text _builder_version=&#8221;4.16&#8243; text_font=&#8221;Verdana||||||||&#8221; custom_padding=&#8221;0px|||||&#8221; global_colors_info=&#8221;{}&#8221;]<\/p>\n<h1 style=\"text-align: center;\">Ciclo Bosnia<\/h1>\n<p>[\/et_pb_text][et_pb_text _builder_version=&#8221;4.16&#8243; text_font=&#8221;Verdana||||||||&#8221; header_font=&#8221;||||||||&#8221; text_orientation=&#8221;justify&#8221; custom_margin=&#8221;15px||30px|||&#8221; text_text_align=&#8221;justify&#8221; global_colors_info=&#8221;{}&#8221;]<\/p>\n<p style=\"text-align: center;\">\u00a9 Agostino Bergo (2013 \u2013 2019)<\/p>\n<p style=\"text-align: center;\">\u00a0polittico allegorico, in acrilico su tela, sulle citt\u00e0 simbolo del conflitto e della rinascita, anche estetica, della Serbia, evolutosi, nel corso del 2013, una collaborazione artistica con la soprano serba Katarina Simovic Ivankovic (University Professor and Soprano in Choir of the Faculty of Arts in Nis \u2013 SRB \u2013 University), sotto l\u2019egida della Societ\u00e0 Dante Alighieri, Comitato di Nis (SBR) e del Centro Culturale di Knjazevac (SBR).<\/p>\n<p>[\/et_pb_text][\/et_pb_column][\/et_pb_row][et_pb_row _builder_version=&#8221;4.17.6&#8243; _module_preset=&#8221;default&#8221; global_colors_info=&#8221;{}&#8221; locked=&#8221;off&#8221;][et_pb_column type=&#8221;4_4&#8243; _builder_version=&#8221;4.17.6&#8243; _module_preset=&#8221;default&#8221; global_colors_info=&#8221;{}&#8221;][et_pb_image src=&#8221;https:\/\/agostinobergo.art\/wp-content\/uploads\/2019\/06\/010Mostar1.jpg&#8221; title_text=&#8221;010Mostar1&#8243; _builder_version=&#8221;4.17.6&#8243; _module_preset=&#8221;default&#8221; hover_enabled=&#8221;0&#8243; global_colors_info=&#8221;{}&#8221; sticky_enabled=&#8221;0&#8243;][\/et_pb_image][et_pb_text _builder_version=&#8221;4.17.6&#8243; _module_preset=&#8221;default&#8221; hover_enabled=&#8221;0&#8243; global_colors_info=&#8221;{}&#8221; sticky_enabled=&#8221;0&#8243;]<\/p>\n<h2><strong>Mostar<\/strong><\/h2>\n<p>\u00a9Agostino Bergo (2011 \u2013 2019) &#8211; Dimensioni: 100 x 100 x 2 cm<\/p>\n<p><strong>Concept: <\/strong>\u201cBosnia\u201d \u00a9 Agostino Bergo (2010 \u2013 2019). Tela 1. (a sinistra)<br \/><strong>Titolo: <\/strong>\u201cMostar\u201d \u00a9 Agostino Bergo (2011 \u2013 2019)<br \/><strong>Autore: <\/strong>Agostino Bergo<br \/><strong>Tecnica: <\/strong>Acrilico<br \/><strong>Supporto: <\/strong>Tela<br \/><strong>Dimensioni: <\/strong>100 x 100 x 2 cm<br \/><strong>Esecutore materiale: <\/strong>Agostino Bergo<br \/><strong>Progetto Artistico: <\/strong>Agostino Bergo<br \/><strong>Sviluppo Artistico: <\/strong>Agostino Bergo<br \/><strong>Sviluppo contenuti ed esegesi: <\/strong>Agostino Bergo<br \/><strong>Testi: <\/strong>Agostino Bergo<br \/><strong>Scatti Preparatori: <\/strong>Daniele Pallavicini<br \/><strong>Aforisma di riferimento: <\/strong>&#8216; \u2026 Citt\u00e0 come Mostar. Quella che un giorno aveva il ponte ed il giorno dopo &#8230;&#8217; (Roberta Biagiarelli: &#8216;A come Srebrenica&#8217;)<br \/><strong>Modella: <\/strong>Giorgia Malisani<br \/><strong>Data di creazione: <\/strong>Seveso, 11.11.2011<br \/><strong>Riconoscimenti e premi: <\/strong><br \/><strong>Terzo classificato per Giuria Popolare \u201cLVIII Premio Basilio Cascella 2014\u201d <\/strong>, Mostra collettiva dei finalisti presso Villa Delizia Estense del Vergignese, Via Vergignese, n. 56, Portomaggiore (FE). Tema: \u201cConcordia \u2013 L&#8217;amorevole poiesis\u201d. <strong>Curatore: <\/strong>A. Passerini<br \/><strong>Finalista \u201cDonkey Art Prize 2012\u201d <\/strong>, Mostra Collettiva dei finalisti, presso Hotel Straf, Via San Raffaele, n. 3, Milano (MI). Tema: Libero. Opera Selezionata: \u201cMostar\u201d \u00a9 Agostino Bergo (2011 &#8211; 2018), acrilico su tela, 100x100x2 cm., Seveso, 11.11.2011. <strong>Curatrice: <\/strong>V. Coppola<br \/><strong>Consulenza Storica: <\/strong>Roberta Biagiarelli<br \/><strong>Consulenza documentaristica: <\/strong>Roberta Biagiarelli<strong><br \/>Scatti opera definitiva: <\/strong>Agostino Bergo<strong><br \/>Traduzione testi: <\/strong>Elena Giuliani<strong><br \/>Estrapolazione fotogrammi da filmati storici: <\/strong>Roberto Bonizzoni<strong><br \/>Tema: <\/strong>Lo strazio dello Spirito di Mostar-Est che si libera dal crollo dello Stari-Most il 09 Novembre 1993.<br \/>Impianto stilistico e compositivo: rielaborazione allegorica dello Stari Most (il \u201cPonte Vecchio\u201d di Mostar, BiH) distrutto il 09.11.1993 ad opera delle forze secessioniste croate che combattevano contro le forze governative bosniache.<strong><br \/>Video recensione: <br \/><\/strong>\u201cSpeaking about &#8216;Mostar&#8217; \u00a9 Agostino Bergo (2011 \u2013 2019), \u201c Avv. Diletta Denova (Criminal Lawyer) for Elilim\u201d \u00a9 Agostino Bergo (2014 &#8211; 2019), Seveso (MB), 30.07.2014.<br \/>\u201cSpeaking about &#8216;Srebrenica\u201d \u00a9 Agostino Bergo (2011 \u2013 2019), \u201cRoberta Biagiarelli (Theater Actress and Documentary Flmmaker) for Elilim\u201d \u00a9 Agostino Bergo (2014 &#8211; 2019), Piacenza, 30.08.2014.<\/p>\n<p>[\/et_pb_text][\/et_pb_column][\/et_pb_row][et_pb_row _builder_version=&#8221;4.17.6&#8243; _module_preset=&#8221;default&#8221; global_colors_info=&#8221;{}&#8221; locked=&#8221;off&#8221;][et_pb_column type=&#8221;4_4&#8243; _builder_version=&#8221;4.17.6&#8243; _module_preset=&#8221;default&#8221; global_colors_info=&#8221;{}&#8221;][et_pb_image src=&#8221;https:\/\/agostinobergo.art\/wp-content\/uploads\/2019\/06\/011Srebrenica1.jpg&#8221; title_text=&#8221;011Srebrenica1&#8243; _builder_version=&#8221;4.17.6&#8243; _module_preset=&#8221;default&#8221; hover_enabled=&#8221;0&#8243; global_colors_info=&#8221;{}&#8221; sticky_enabled=&#8221;0&#8243; url=&#8221;https:\/\/agostinobergo.art\/index.php\/recensioni\/&#8221;][\/et_pb_image][et_pb_text _builder_version=&#8221;4.17.6&#8243; _module_preset=&#8221;default&#8221; hover_enabled=&#8221;0&#8243; global_colors_info=&#8221;{}&#8221; sticky_enabled=&#8221;0&#8243;]<\/p>\n<h2><strong>Srebrenica<\/strong><\/h2>\n<p>\u00a9 Agostino Bergo (2010-2016) &#8211; Dimensioni: 150 x 150 cm<\/p>\n<p><strong>Concept: <\/strong>\u201cBosnia\u201d \u00a9 Agostino Bergo (2010 \u2013 2019). Tela 2. (centrale)<br \/><strong>Titolo: <\/strong>\u201cSrebrenica\u201d \u00a9 Agostino Bergo (2010-2016)<br \/><strong>Autore: <\/strong>Agostino Bergo<br \/><strong>Tecnica: <\/strong>Acrilico<br \/><strong>Supporto: <\/strong>Tela<br \/><strong>Dimensioni: <\/strong>150 x 150 cm<br \/><strong>Esecutore materiale: <\/strong>Agostino Bergo<br \/><strong>Sviluppo Progetto complessivo: <\/strong>Agostino Bergo<br \/><strong>Sviluppo Progetto artistico: <\/strong>Agostino Bergo<br \/><strong>Sviluppo contenuti ed esegesi: <\/strong>Agostino Bergo<br \/><strong>Sviluppo artistico: <\/strong>Agostino Bergo<br \/><strong>Sviluppo intellettuale: <\/strong>Agostino Bergo<br \/><strong>Sviluppo pose\/composizione artistica: <\/strong>Agostino Bergo<br \/><strong>Consulenza documentaristica: <\/strong>Roberta Biagiarelli<br \/><strong>Consulenza Storiografica: <\/strong>Roberta Biagiarelli<br \/><strong>Autorizzazione a pubblicazione contenuti video: <\/strong>Roberta Biagiarelli<br \/><strong>Scatti opera definitiva nelle varie fasi: <\/strong>Danilo Fracassa, Nathalie Pacheco Rodriguez<br \/><strong>Traduzione Testi: <\/strong>Elena Giuliani<strong><br \/>Autore Racconti \u201cI Massacri\u201d: <\/strong>Roberto Bonizzoni<strong><br \/>Reading Racconti \u201cI Massacri\u201d:<\/strong> Roberta Biagiarelli<strong><br \/>Estrapolazione digitale di fotogrammi da filmati storici:<\/strong> Roberto Bonizzoni<strong><br \/>Aforisma di riferimento: <\/strong>&#8220;Sarebbe meglio non fosse piuttosto che sia Cos\u00ec come oggi \u00e8 la nostra Srebrenica Nulla di morto n\u00e8 di vivente in lei pu\u00f2 pi\u00f9 abitare. Sotto un cielo plumbeo l&#8217;aria di piombo Mai nessuno ha imparato a mettersi nei polmoni. Da lei fugge tutto ci\u00f2 che ha gambe con le quali possa e sappia dove fuggire&#8221; (Abdulah Sidrain: &#8220;Suze majki Srebrenice&#8221;).<strong><br \/>Data di creazione: <\/strong>da 20.10.2010 (disegno definitivo) a 05.05.2013 (ultima modifica).<strong><br \/>Tempistiche realizzative prima versione: <\/strong>11.10.2010: disegno definitivo, 20.05.2011: prima versione dell&#8217;opera finita<br \/>Elenco successivo delle modifiche dell&#8217;opera gi\u00e0 terminata: 15.07.2011, 15.11.2011, 15.01.2012, 15.05.2012, 15.11.2012, 06.05.2013<br \/>Interpretazione di \u201cImagine\u201d di J. Lennon per \u201cIl Canto di Srebrenica\u201d: Draga Dzinic<strong><br \/>Video di <\/strong>\u201cIl Canto di Srebrenica\u201d, Nis (SRB), il 10.08.2013: Agostino Bergo<strong><br \/>Tema: <\/strong>Allegoria della Pace in Europa dal crollo del Muro di Berlino a oggi<strong><br \/>Impianto compositivo: <\/strong>Rielaborazione della quadriga sulla sommit\u00e0 di Brandemburger Tor (Berlin \u2013 D)<strong><br \/>Video recensione: <\/strong>Speaking about &#8220;Srebrenica\u201d \u00a9 Agostino Bergo (2011 \u2013 2019), \u201cRoberta Biagiarelli (Theater Actress and Documentary Flmmaker) for Elilim\u201d \u00a9 Agostino Bergo (2014 &#8211; 2019), Piacenza, 30.08.2014.<\/p>\n<p>[\/et_pb_text][\/et_pb_column][\/et_pb_row][et_pb_row _builder_version=&#8221;4.17.6&#8243; _module_preset=&#8221;default&#8221; global_colors_info=&#8221;{}&#8221; locked=&#8221;off&#8221;][et_pb_column type=&#8221;4_4&#8243; _builder_version=&#8221;4.17.6&#8243; _module_preset=&#8221;default&#8221; global_colors_info=&#8221;{}&#8221;][et_pb_image src=&#8221;https:\/\/agostinobergo.art\/wp-content\/uploads\/2019\/06\/012Sarajevo1.jpg&#8221; title_text=&#8221;012Sarajevo1&#8243; _builder_version=&#8221;4.17.6&#8243; _module_preset=&#8221;default&#8221; hover_enabled=&#8221;0&#8243; global_colors_info=&#8221;{}&#8221; sticky_enabled=&#8221;0&#8243;][\/et_pb_image][et_pb_text _builder_version=&#8221;4.17.6&#8243; _module_preset=&#8221;default&#8221; hover_enabled=&#8221;0&#8243; global_colors_info=&#8221;{}&#8221; sticky_enabled=&#8221;0&#8243;]<\/p>\n<h2><strong>Sarajevo<\/strong><\/h2>\n<p>\u00a9 Agostino Bergo (2012 \u2013 2019) &#8211; Dimensioni: 100 x 100 x 2 cm<\/p>\n<p><strong>Concept: <\/strong>\u201cBosnia\u201d \u00a9 Agostino Bergo (2010 \u2013 2019). Tela 3 (a destra)<br \/><strong>Titolo: <\/strong>\u201cSarajevo\u201d \u00a9 Agostino Bergo (2012 \u2013 2019)<br \/><strong>Autore: <\/strong>Agostino Bergo<br \/><strong>Tecnica: <\/strong>Acrilico<br \/><strong>Supporto: <\/strong>Tela<br \/><strong>Dimensioni: <\/strong>100 x 100 x 2 cm<br \/><strong>Data di creazione: <\/strong>20.10.2012<br \/><strong>Esecutore materiale: <\/strong>Agostino Bergo<br \/><strong>Progetto Artistico: <\/strong>Agostino Bergo<br \/><strong>Sviluppo Artistico: <\/strong>Agostino Bergo<br \/><strong>Sviluppo contenuti ed esegesi: <\/strong>Agostino Bergo<br \/><strong>Testi: <\/strong>Agostino Bergo<br \/><strong>Aforisma di riferimento: <\/strong>&#8220;Nella nascita di un nuovo ordine le mani dell&#8217;ostetrica si sono riempite di sangue fino ai gomiti.\u201d (Bozo Mairic)<br \/><strong>Modella: <\/strong>Alice Grisa<br \/><strong>Consulenza Storica<\/strong>: Roberta Biagiarelli<br \/><strong>Consulenza documentaristica: <\/strong>Roberta Biagiarelli<br \/><strong>Scatti opera definitiva: <\/strong>Nathalie Pacheco Rodriguez<br \/><strong>Traduzione testi: <\/strong>Elena Giuliani<br \/><strong>Estrapolazione fotogrammi da filmati storici: <\/strong>Roberto Bonizzoni<br \/><strong>Tema: <\/strong>La percezione mediatica del conflitto serbo-bosniaco dal 1992 al 1995<br \/><strong>Impianto stilistico e compositivo: <\/strong>rielaborazione allegorica dell\u2019assedio della citt\u00e0 bosnica, con particolare riferimento alla percezione mediatica dei bombardamenti sulla citt\u00e0 e la definizione approssimativa dei nazionalismi.<\/p>\n<p>[\/et_pb_text][\/et_pb_column][\/et_pb_row][\/et_pb_section]<\/p>\n","protected":false},"excerpt":{"rendered":"<p>Ciclo Bosnia\u00a9 Agostino Bergo (2013 \u2013 2019) \u00a0polittico allegorico, in acrilico su tela, sulle citt\u00e0 simbolo del conflitto e della rinascita, anche estetica, della Serbia, evolutosi, nel corso del 2013, una collaborazione artistica con la soprano serba Katarina Simovic Ivankovic (University Professor and Soprano in Choir of the Faculty of Arts in Nis \u2013 SRB [&hellip;]<\/p>\n","protected":false},"author":2,"featured_media":0,"parent":0,"menu_order":0,"comment_status":"closed","ping_status":"closed","template":"","meta":{"_et_pb_use_builder":"on","_et_pb_old_content":"","_et_gb_content_width":"","footnotes":""},"class_list":["post-2100","page","type-page","status-publish","hentry"],"_links":{"self":[{"href":"https:\/\/agostinobergo.art\/index.php\/wp-json\/wp\/v2\/pages\/2100"}],"collection":[{"href":"https:\/\/agostinobergo.art\/index.php\/wp-json\/wp\/v2\/pages"}],"about":[{"href":"https:\/\/agostinobergo.art\/index.php\/wp-json\/wp\/v2\/types\/page"}],"author":[{"embeddable":true,"href":"https:\/\/agostinobergo.art\/index.php\/wp-json\/wp\/v2\/users\/2"}],"replies":[{"embeddable":true,"href":"https:\/\/agostinobergo.art\/index.php\/wp-json\/wp\/v2\/comments?post=2100"}],"version-history":[{"count":5,"href":"https:\/\/agostinobergo.art\/index.php\/wp-json\/wp\/v2\/pages\/2100\/revisions"}],"predecessor-version":[{"id":2473,"href":"https:\/\/agostinobergo.art\/index.php\/wp-json\/wp\/v2\/pages\/2100\/revisions\/2473"}],"wp:attachment":[{"href":"https:\/\/agostinobergo.art\/index.php\/wp-json\/wp\/v2\/media?parent=2100"}],"curies":[{"name":"wp","href":"https:\/\/api.w.org\/{rel}","templated":true}]}}